 of 4338244?
2
What is the ten thousands digit of 377541?
7
What is the hundreds digit of 5881906?
9
What is the units digit of 8621?
1
What is the units digit of 78550?
0
What is the ten thousands digit of 2462615?
6
What is the thousands digit of 15505943?
5
What is the thousands digit of 4718346?
8
What is the ten thousands digit of 32000?
3
What is the millions digit of 1164310?
1
What is the hundred thousands digit of 3978135?
9
What is the tens digit of 12067129?
2
What is the hundreds digit of 6265157?
1
What is the units digit of 17490243?
3
What is the thousands digit of 1306312?
6
What is the tens digit of 10660813?
1
What is the tens digit of 136599?
9
What is the tens digit of 230505?
0
What is the hundred thousands digit of 446915?
4
What is the hundreds digit of 268184?
1
What is the thousands digit of 1350014?
0
What is the thousands digit of 268862?
8
What is the ten millions digit of 21526049?
2
What is the tens digit of 17695907?
0
What is the units digit of 168923?
3
What is the tens digit of 12873349?
4
What is the tens digit of 6667877?
7
What is the tens digit of 1095230?
3
What is the thousands digit of 1082997?
2
What is the thousands digit of 285541?
5
What is the units digit of 2286278?
8
What is the ten thousands digit of 1742048?
4
What is the ten millions digit of 15349685?
1
What is the hundred thousands digit of 141462?
1
What is the tens digit of 173568?
6
What is the ten thousands digit of 247058?
4
What is the millions digit of 2727710?
2
What is the thousands digit of 510945?
0
What is the units digit of 89843?
3
What is the tens digit of 7689665?
6
What is the thousands digit of 326793?
6
What is the millions digit of 1557864?
1
What is the units digit of 731782?
2
What is the tens digit of 4503705?
0
What is the millions digit of 7814297?
7
What is the hundred thousands digit of 623287?
6
What is the units digit of 182118?
8
What is the tens digit of 2727157?
5
What is the ten thousands digit of 111290?
1
What is the hundred thousands digit of 3555717?
5
What is the hundred thousands digit of 23819807?
8
What is the units digit of 177812?
2
What is the tens digit of 20034502?
0
What is the hundreds digit of 13251147?
1
What is the units digit of 12906259?
9
What is the ten thousands digit of 1797609?
9
What is the units digit of 50644?
4
What is the hundred thousands digit of 168494?
1
What is the units digit of 846348?
8
What is the hundred thousands digit of 410245?
4
What is the units digit of 5152110?
0
What is the hundred thousands digit of 161641?
1
What is the ten thousands digit of 6528923?
2
What is the units digit of 98564?
4
What is the ten thousands digit of 476421?
7
What is the units digit of 2470470?
0
What is the hundreds digit of 16272939?
9
What is the thousands digit of 96530?
6
What is the tens digit of 420808?
0
What is the ten millions digit of 14668167?
1
What is the tens digit of 40715?
1
What is the thousands digit of 106112?
6
What is the units digit of 163916?
6
What is the tens digit of 1554856?
5
What is the hundreds digit of 10044457?
4
What is the hundred thousands digit of 355185?
3
What is the units digit of 17082560?
0
What is the ten thousands digit of 291652?
9
What is the ten thousands digit of 1390251?
9
What is the units digit of 467869?
9
What is the hundred thousands digit of 1268488?
2
What is the millions digit of 10195265?
0
What is the thousands digit of 140966?
0
What is the hundreds digit of 668673?
6
What is the hundreds digit of 11917250?
2
What is the millions digit of 1569357?
1
What is the units digit of 2288504?
4
What is the millions digit of 1096130?
1
What is the hundreds digit of 9687750?
7
What is the tens digit of 328416?
1
What is the units digit of 251791?
1
What is the hundred thousands digit of 193317?
1
What is the thousands digit of 1449119?
9
What is the ten thousands digit of 1590479?
9
What is the tens digit of 456518?
1
What is the tens digit of 7123490?
9
What is the hundreds digit of 13853349?
3
What is the ten millions digit of 27290717?
2
What is the millions digit of 1313925?
1
What is the tens digit of 1710231?
3
What is the units digit of 6321780?
0
What is the ten thousands digit of 321191?
2
What is the thousands digit of 1144088?
4
What is the ten thousands digit of 1097070?
9
What is the millions digit of 24378181?
4
What is the millions digit of 6699246?
6
What is the ten thousands digit of 3741716?
4
What is the hundred thousands digit of 15689161?
6
What is the tens digit of 1461258?
5
What is the ten thousands digit of 19205050?
0
What is the hundred thousands digit of 13207523?
2
What is the hundred thousands digit of 1120186?
1
What is the thousands digit of 816326?
6
What is the thousands digit of 8057893?
7
What is the thousands digit of 1077340?
7
What is the hundred thousands digit of 379667?
3
What is the hundreds digit of 2495804?
8
What is the tens digit of 5812636?
3
What is the millions digit of 1260688?
1
What is the hundreds digit of 476955?
9
What is the ten millions digit of 12162889?
1
What is the hundreds digit of 422467?
4
What is the ten thousands digit of 21634?
2
What is the units digit of 375669?
9
What is the ten thousands digit of 370234?
7
What is the tens digit of 64763?
6
What is the ten thousands digit of 573238?
7
What is the hundreds digit of 399496?
4
What is the thousands digit of 18442030?
2
What is the ten thousands digit of 2190601?
9
What is the hundred thousands digit of 19720554?
7
What is the hundred thousands digit of 2875439?
8
What is the hundreds digit of 24082874?
8
What is the tens digit of 3035193?
9
What is the ten thousands digit of 976853?
7
What is the hundreds digit of 323642?
6
What is the ten thousands digit of 261011?
6
What is the units digit of 985874?
4
What is the ten thousands digit of 13195760?
9
What is the hundred thousands digit of 4290272?
2
What is the hundred thousands digit of 708725?
7
What is the ten thousands digit of 1199872?
9
What is the units digit of 240459?
9
What is the tens digit of 3320205?
0
What is the ten thousands digit of 1331532?
3
What is the ten millions digit of 13434464?
1
What is the hundreds digit of 2319753?
7
What is the ten thousands digit of 6952488?
5
What is the tens digit of 581859?
5
What is the ten thousands digit of 2178148?
7
What is the thousands digit of 530106?
0
What is the ten thousands digit of 9501450?
0
What is the millions digit of 2882142?
2
What is the units digit of 332650?
0
What is the ten thousands digit of 685221?
8
What is the ten thousands digit of 1216698?
1
What is the hundred thousands digit of 215136?
2
What is the ten millions digit of 12925527?
1
What is the hundreds digit of 508766?
7
What is the tens digit of 728404?
0
What is the thousands digit of 1328381?
8
What is the millions digit of 1448142?
1
What is the tens digit of 124308?
0
What is the thousands digit of 1273025?
3
What is the thousands digit of 4225?
4
What is the hundreds digit of 2419757?
7
What is the thousands digit of 5968759?
8
What is the tens digit of 9104488?
8
What is the tens digit of 6382833?
3
What is the hundred thousands digit of 440371?
4
What is the hundred thousands digit of 968397?
9
What is the ten thousands digit of 225382?
2
What is the ten thousands digit of 607829?
0
What is the millions digit of 1146501?
1
What is the hundreds digit of 40222?
2
What is the units digit of 9103?
3
What is the units digit of 867700?
0
What is the units digit of 40405?
5
What is the hundreds digit of 238695?
6
What is the tens digit of 146708?
0
What is the hundred thousands digit of 36167413?
1
What is the hundred thousands digit of 7520793?
5
What is the ten thousands digit of 199562?
9
What is the ten thousands digit of 547485?
4
What is the thousands digit of 3790227?
0
What is the units digit of 8021639?
9
What is the millions digit of 17355916?
7
What is the ten thousands digit of 290752?
9
What is the millions digit of 1341730?
1
What is the units digit of 473160?
0
What is the thousands digit of 209110?
9
What is the units digit of 312582?
2
What is the hundred thousands digit of 201445?
2
What is the units digit of 756117?
7
What is the hundred thousands digit of 1046380?
0
What is the millions digit of 5871626?
5
What